
2, 3, 19, 8929
What are the prime factors of 10904709?
3, 173, 21011
What are the prime factors of 1220829?
3, 373, 1091
What are the prime factors of 4089819?
3, 1363273
What are the prime factors of 1116920?
2, 5, 7, 3989
List the prime factors of 1795123.
11, 163193
List the prime factors of 1934821.
7, 17, 71, 229
What are the prime factors of 402404?
2, 29, 3469
List the prime factors of 2605800.
2, 3, 5, 43, 101
What are the prime factors of 200882?
2, 11, 23, 397
What are the prime factors of 203903?
7, 29129
What are the prime factors of 151868?
2, 37967
What are the prime factors of 491976?
2, 3, 6833
What are the prime factors of 247329?
3, 27481
What are the prime factors of 2417105?
5, 191, 2531
List the prime factors of 3607797.
3, 401, 2999
What are the prime factors of 585192?
2, 3, 37, 659
List the prime factors of 3899924.
2, 7, 31, 4493
List the prime factors of 7223286.
2, 3, 7, 79, 311
What are the prime factors of 12423737?
1697, 7321
List the prime factors of 7080507.
3, 7, 37463
List the prime factors of 263403.
3, 7, 37, 113
List the prime factors of 337383.
3, 19, 1973
What are the prime factors of 218641?
218641
List the prime factors of 12673052.
2, 7, 439, 1031
What are the prime factors of 952049?
7, 277, 491
What are the prime factors of 2974952?
2, 371869
What are the prime factors of 4980731?
7, 47, 15139
List the prime factors of 5805564.
2, 3, 19, 25463
List the prime factors of 1011721.
17, 59513
What are the prime factors of 5452615?
5, 7, 43, 3623
List the prime factors of 516190.
2, 5, 41, 1259
What are the prime factors of 262063?
503, 521
What are the prime factors of 26295687?
3, 11, 265613
What are the prime factors of 691833?
3, 230611
List the prime factors of 11892127.
13, 23, 31, 1283
What are the prime factors of 985433?
985433
What are the prime factors of 21595401?
3, 29, 97, 853
List the prime factors of 4438021.
7, 634003
List the prime factors of 204570.
2, 3, 5, 2273
What are the prime factors of 1414957?
1414957
What are the prime factors of 131259?
3, 43753
What are the prime factors of 39049?
17, 2297
List the prime factors of 3982.
2, 11, 181
List the prime factors of 3310150.
2, 5, 239, 277
List the prime factors of 2885587.
19, 29, 5237
What are the prime factors of 408982?
2, 7, 131, 223
List the prime factors of 315558.
2, 3, 47, 373
What are the prime factors of 342743?
233, 1471
List the prime factors of 11649990.
2, 3, 5, 11, 43, 821
What are the prime factors of 1301910?
2, 3, 5, 43397
List the prime factors of 18872620.
2, 5, 13, 29, 2503
List the prime factors of 890886.
2, 3, 37, 4013
List the prime factors of 7226363.
7226363
List the prime factors of 3169601.
227, 13963
What are the prime factors of 22263738?
2, 3, 7, 41, 1847
What are the prime factors of 15839?
47, 337
List the prime factors of 1384272.
2, 3, 9613
What are the prime factors of 11330564?
2, 7, 57809
List the prime factors of 9717554.
2, 7, 11, 89, 709
What are the prime factors of 5203258?
2, 17, 43, 3559
What are the prime factors of 12067710?
2, 3, 5, 433, 929
What are the prime factors of 14526488?
2, 19, 95569
What are the prime factors of 385877?
385877
List the prime factors of 574358.
2, 287179
What are the prime factors of 12562052?
2, 3140513
List the prime factors of 973134.
2, 3, 6007
What are the prime factors of 2189215?
5, 7, 62549
What are the prime factors of 142672?
2, 37, 241
What are the prime factors of 375562?
2, 11, 43, 397
List the prime factors of 621126.
2, 3, 11, 3137
What are the prime factors of 562789?
562789
What are the prime factors of 513411?
3, 53, 3229
List the prime factors of 1662476.
2, 79, 5261
List the prime factors of 17175704.
2, 7, 13, 23593
List the prime factors of 678921.
3, 226307
What are the prime factors of 2047066?
2, 7, 73, 2003
List the prime factors of 147658.
2, 7, 53, 199
What are the prime factors of 9286309?
9286309
What are the prime factors of 2282525?
5, 7, 13043
List the prime factors of 3640643.
3640643
List the prime factors of 8122440.
2, 3, 5, 113, 599
What are the prime factors of 506869?
11, 59, 71
List the prime factors of 366650.
2, 5, 7333
What are the prime factors of 746551?
13, 57427
List the prime factors of 325125.
3, 5, 17
What are the prime factors of 8123431?
19, 43, 61, 163
List the prime factors of 26664012.
2, 3, 246889
What are the prime factors of 18332750?
2, 5, 73331
List the prime factors of 16032459.
3, 2161, 2473
List the prime factors of 1908033.
3, 367, 1733
List the prime factors of 30180.
2, 3, 5, 503
What are the prime factors of 59024?
2, 7, 17, 31
What are the prime factors of 451901?
451901
List the prime factors of 91198.
2, 45599
List the prime factors of 1373682.
2, 3, 283, 809
What are the prime factors of 2044448?
2, 7, 9127
What are the prime factors of 4641314?
2, 2320657
List the prime factors of 3922856.
2, 7, 70051
What are the prime factors of 1677408?
2, 3, 101, 173
What are the prime factors of 110605?
5, 11, 2011
What are the prime factors of 44632?
2, 7, 797
List the prime factors of 3000663.
3, 37, 9011
What are the prime factors of 1744762?
2, 872381
List the prime factors of 140202.
2, 3, 7789
List the prime factors of 299341.
7, 41, 149
What are the prime factors of 16778?
2, 8389
List the prime factors of 6866985.
3, 5, 457799
List the prime factors of 140935.
5, 71, 397
What are the prime factors of 723061?
17, 42533
What are the prime factors of 8609181?
3, 7, 409961
What are the prime factors of 1008904?
2, 13, 89, 109
List the prime factors of 11273781.
3, 3757927
List the prime factors of 17382650.
2, 5, 199, 1747
List the prime factors of 192384.
2, 3, 167
List the prime factors of 65577.
3, 21859
What are the prime factors of 79629?
3, 11, 19, 127
What are the prime factors of 5128650?
2, 3, 5, 29, 131
What are the prime factors of 206675?
5, 7, 1181
List the prime factors of 5450465.
5, 43, 101, 251
What are the prime factors of 72880?
2, 5, 911
What are the prime factors of 77271?
3, 43, 599
List the prime factors of 21293323.
3217, 6619
List the prime factors of 2016128.
2, 19, 829
List the prime factors of 2374618.
2, 1187309
List the prime factors of 11538868.
2, 11, 29, 9043
What are the prime factors of 159674?
2, 29, 2753
What are the prime factors of 71453?
71453
What are the prime factors of 3937002?
2, 3, 23, 47, 607
What are the prime factors of 640297?
7, 23, 41, 97
List the prime factors of 2239130.
2, 5, 31, 233
List the prime factors of 35968.
2, 281
List the prime factors of 614757.
3, 11, 13, 1433
List the prime factors of 493927.
7, 41, 1721
List the prime factors of 2270710.
2, 5, 13, 17467
List the prime factors of 827452.
2, 31, 6673
What are the prime factors of 317167?
19, 16693
List the prime factors of 21869537.
61, 67, 5351
What are the prime factors of 146365?
5, 73, 401
List the prime factors of 1130711.
1130711
What are the prime factors of 5113362?
2, 3, 17, 50131
List the prime factors of 890208.
2, 3, 11, 281
List the prime factors of 29397429.
3, 3266381
What are the prime factors of 23953998?
2, 3, 3992333
List the prime factors of 1991629.
211, 9439
List the prime factors of 10029350.
2, 5, 200587
What are the prime factors of 9193390?
2, 5, 37, 24847
List the prime factors of 1359417.
3, 37, 331
List the prime factors of 7502578.
2, 3751289
List the prime factors of 3098996.
2, 73, 10613
List the prime factors of 2028063.
3, 127, 5323
What are the prime factors of 3210422?
2, 31, 53, 977
What are the prime factors of 28105427?
7, 19, 211319
What are the prime factors of 4450393?
709, 6277
What are the prime factors of 1840835?
5, 347, 1061
What are the prime factors of 1260165?
3, 5, 84011
What are the prime factors of 694645?
5, 7, 89, 223
List the prime factors of 1794261.
3, 7, 43, 1987
List the prime factors of 2510333.
7, 61, 5879
List the prime factors of 3748526.
2, 1874263
List the prime factors of 1303635.
3, 5, 233, 373
What are the prime factors of 220397?
433, 509
What are the prime factors of 17759315?
5, 7, 173, 419
List the prime factors of 29355926.
2, 79, 185797
What are the prime factors of 12566658?
2, 3, 13, 73, 2207
List the prime factors of 19968501.
3, 7, 29, 32789
What are the prime factors of 31351239?
3, 149, 7793
Lis